6
What is the remainder when 37056010 is divided by 879?
7
What is the remainder when 5404344 is divided by 1050?
1044
Calculate the remainder when 145082 is divided by 780.
2
What is the remainder when 69873 is divided by 22712?
1737
What is the remainder when 33404379 is divided by 1234?
1233
What is the remainder when 237787 is divided by 47544?
67
What is the remainder when 266229 is divided by 982?
107
What is the remainder when 3511289 is divided by 302?
237
What is the remainder when 188671 is divided by 2621?
2580
What is the remainder when 623702 is divided by 181?
157
What is the remainder when 24563 is divided by 12221?
121
What is the remainder when 10789708 is divided by 11?
6
What is the remainder when 1919957 is divided by 916?
21
What is the remainder when 110282884 is divided by 14?
12
Calculate the remainder when 201052 is divided by 13992.
5164
Calculate the remainder when 6710547 is divided by 825.
822
Calculate the remainder when 1301037 is divided by 226.
181
What is the remainder when 1962387 is divided by 653991?
414
Calculate the remainder when 6315 is divided by 305.
215
Calculate the remainder when 3193545 is divided by 1064408.
321
Calculate the remainder when 2199 is divided by 2133.
66
What is the remainder when 8058671 is divided by 287?
285
Calculate the remainder when 75573 is divided by 1715.
113
What is the remainder when 3320637 is divided by 1660304?
29
Calculate the remainder when 918596 is divided by 3390.
3296
Calculate the remainder when 38907765 is divided by 112.
85
Calculate the remainder when 112323990 is divided by 247.
246
Calculate the remainder when 809317 is divided by 42.
19
Calculate the remainder when 43545111 is divided by 70.
1
Calculate the remainder when 887146698 is divided by 1113.
1110
What is the remainder when 2181333 is divided by 1838?
1465
What is the remainder when 332631 is divided by 956?
899
Calculate the remainder when 64842 is divided by 952.
106
Calculate the remainder when 297059 is divided by 14852.
19
What is the remainder when 161428 is divided by 4604?
288
Calculate the remainder when 5046890 is divided by 2615.
2555
What is the remainder when 37010 is divided by 1007?
758
What is the remainder when 133595 is divided by 133556?
39
Calculate the remainder when 809192 is divided by 161837.
7
What is the remainder when 121188708 is divided by 2885445?
18
Calculate the remainder when 23963141 is divided by 4133.
7
What is the remainder when 677148 is divided by 441?
213
What is the remainder when 65556 is divided by 3683?
2945
Calculate the remainder when 8760127 is divided by 18.
13
What is the remainder when 385640 is divided by 80?
40
Calculate the remainder when 932732 is divided by 464910.
2912
Calculate the remainder when 3111627 is divided by 225.
102
Calculate the remainder when 2075950 is divided by 138386.
160
Calculate the remainder when 51041 is divided by 1378.
55
What is the remainder when 26114 is divided by 25146?
968
Calculate the remainder when 136797358 is divided by 126.
40
Calculate the remainder when 11303421 is divided by 179.
108
Calculate the remainder when 50661 is divided by 12987.
11700
Calculate the remainder when 48939748 is divided by 39.
13
What is the remainder when 10984620 is divided by 121?
119
What is the remainder when 24444646 is divided by 2511?
61
What is the remainder when 360774436 is divided by 190785?
1
What is the remainder when 6721217 is divided by 3687?
3503
What is the remainder when 81506 is divided by 40554?
398
Calculate the remainder when 245639 is divided by 11671.
548
What is the remainder when 7568624 is divided by 446?
4
What is the remainder when 860059 is divided by 286623?
190
What is the remainder when 66937 is divided by 1802?
263
What is the remainder when 6980 is divided by 4077?
2903
Calculate the remainder when 38056 is divided by 3027.
1732
What is the remainder when 600544 is divided by 913?
703
Calculate the remainder when 997522 is divided by 11677.
4977
What is the remainder when 44411 is divided by 294?
17
What is the remainder when 344830 is divided by 1480?
1470
What is the remainder when 242853 is divided by 862?
631
What is the remainder when 326161 is divided by 106?
105
What is the remainder when 12882470 is divided by 81?
68
Calculate the remainder when 423846902 is divided by 5252.
5250
What is the remainder when 396419 is divided by 2725?
1294
Calculate the remainder when 344999 is divided by 86248.
7
Calculate the remainder when 84547 is divided by 1433.
0
Calculate the remainder when 2958412 is divided by 328712.
4
Calculate the remainder when 405697 is divided by 603.
481
Calculate the remainder when 13685 is divided by 952.
357
Calculate the remainder when 862037545 is divided by 82.
81
Calculate the remainder when 30559 is divided by 449.
27
What is the remainder when 1489228 is divided by 1365?
13
What is the remainder when 2263232 is divided by 76?
28
Calculate the remainder when 5546561 is divided by 398.
33
What is the remainder when 12831452 is divided by 1689?
119
Calculate the remainder when 303136 is divided by 5829.
28
What is the remainder when 89654 is divided by 29882?
8
Calculate the remainder when 7418 is divided by 301.
194
What is the remainder when 82744364 is divided by 138?
116
What is the remainder when 1558465 is divided by 13?
12
Calculate the remainder when 43167295 is divided by 14389098.
1
What is the remainder when 2399777 is divided by 299972?
1
Calculate the remainder when 39601342 is divided by 91458.
28
Calculate the remainder when 7067722 is divided by 472.
466
Calculate the remainder when 1515545 is divided by 379.
303
Calculate the remainder when 601040 is divided by 2473.
101
Calculate the remainder when 12244564 is divided by 510.
484
Calculate the remainder when 76645 is divided by 2534.
625
What is the remainder when 631516 is divided by 105249?
22
What is the remainder when 479982422 is divided by 653?
649
What is the remainder when 223884 is divided by 31980?
24
Calculate the remainder when 1473108 is divided by 491032.
12
What is the remainder when 272169 is divided by 843?
723
What is the remainder when 4214416 is divided by 74?
42
What is the remainder when 57328 is divided by 941?
868
What is the remainder when 52912 is divided by 24515?
3882
What is the remainder when 459876 is divided by 459856?
20
What is the remainder when 117291496 is divided by 29322874?
0
Calculate the remainder when 16182 is divided by 14043.
2139
Calculate the remainder when 11914352 is divided by 3.
2
What is the remainder when 215903 is divided by 2139?
2003
What is the remainder when 6375504 is divided by 75898?
72
Calculate the remainder when 109746 is divided by 4072.
3874
Calculate the remainder when 24848031 is divided by 210.
201
Calculate the remainder when 4323823 is divided by 2161842.
139
Calculate the remainder when 31267 is divided by 4427.
278
What is the remainder when 810425 is divided by 383?
380
What is the remainder when 7468681 is divided by 135794?
11
What is the remainder when 5254665 is divided by 238848?
9
What is the remainder when 372492502 is divided by 185?
182
Calculate the remainder when 254241 is divided by 293.
210
What is the remainder when 1371499 is divided by 26?
25
Calculate the remainder when 7080529 is divided by 327.
325
Calculate the remainder when 916772 is divided by 2204.
2112
What is the remainder when 111410 is divided by 6736?
3634
Calculate the remainder when 3792187 is divided by 3946.
81
What is the remainder when 1663902 is divided by 5?
2
Calculate the remainder when 3136115 is divided by 6.
5
What is the remainder when 138218463 is divided by 55?
53
Calculate the remainder when 7609149 is divided by 32798.
13
Calculate the remainder when 114072 is divided by 9482.
288
Calculate the remainder when 1039624 is divided by 1316.
1300
What is the remainder when 4978542 is divided by 11?
8
Calculate the remainder when 1498065 is divided by 51648.
273
What is the remainder when 26644173 is divided by 50367?
30
What is the remainder when 3947794 is divided by 56397?
4
What is the remainder when 11220202 is divided by 121?
114
Calculate the remainder when 5792658 is divided by 275.
58
Calculate the remainder when 1791577